 r - 5*j = 4. Is (0 - r)/(3/39) a composite number?
False
Let q be 3 - (1 + -2 + 0). Suppose q*f + 3*d - 132 = 7*d, 4*f - 3*d = 132. Is f a prime number?
False
Let g(l) = 2*l**2 - 30*l + 229. Is g(-45) a prime number?
False
Is (-3 + 6495/12)*4 prime?
True
Let g = 9122 + -5343. Is g prime?
True
Suppose 8*x + 5*x = -105417. Is ((-138)/33 - -4) + x/(-11) composite?
True
Suppose -d = -4*s + 18, -5*d = -0*d + 4*s - 6. Let l be 2/d*240/3. Let k = l + 145. Is k a composite number?
True
Let g = -10 + 26. Suppose 0 = -5*a - 0*y - 2*y - g, 2*a = -2*y - 10. Is (5/a)/(3/(-42)) composite?
True
Let x(z) = -27*z - 5. Let s(p) = 28*p + 4. Let b(u) = 3*s(u) + 2*x(u). Let o be b(3). Suppose 198 + o = 2*g. Is g a composite number?
True
Let m(a) be the second derivative of a**4/2 - a**2 + 3*a. Let o be m(2). Let s = 31 + o. Is s prime?
True
Let k(q) = -2*q + 20. Let o be k(7). Suppose 3*h = -o, n + 3*h = 2*h + 44. Is n composite?
True
Let i(q) = 8*q - 26. Let s be i(6). Suppose 0 = s*n - 14*n - 5432. Is n a composite number?
True
Let a = 23 - 21. Suppose -a*j - 11 = -33. Is j a prime number?
True
Let y = 34 - 8. Let k = y - 9. Let v = 6 + k. Is v a prime number?
True
Let q(k) = -10*k - 25. Let i be q(-3). Suppose 0 = -5*y + y + 984. Suppose -i*p = -3*p - y. Is p a composite number?
True
Let s(f) = f**3 - 18*f**2 + 16*f + 15. Let l be s(17). Is 131/((-27)/15 - l) prime?
False
Let p(m) = 559*m**3 + 3*m**2 + 4*m + 1. Let d(g) = -558*g**3 - 4*g**2 - 5*g - 1. Let l(w) = 4*d(w) + 5*p(w). Is l(1) composite?
False
Suppose 20*q = -12*q + 403424. Is q a prime number?
False
Let v(u) = 12*u**2 - 4*u + 7. Suppose 2*s - 3*s - 4*a = -21, -3*s - 5*a + 35 = 0. Suppose -k + 0*b = 3*b - 1, 0 = 5*b + s. Is v(k) composite?
True
Let b = -55 - -55. Suppose 4*u + 0*k = -k + 3286, 3*u + 2*k - 2467 = b. Is u a prime number?
True
Suppose -5*d - 6 = 3*v, -v + 5*d + 16 + 2 = 0. Suppose v*f = f + 1754. Is f a composite number?
False
Suppose -4*o - 4*p - p - 49 = 0, o = p - 1. Let g = -1 - o. Suppose -g*v + 2*h = -134 - 127, -2*v + 5*h + 96 = 0. Is v a composite number?
False
Is ((-16)/(-4) - 14103)/(-1) prime?
False
Is -9 - (4 + -12 - 100130) a composite number?
False
Let p = -13 - -33. Suppose -2*f + p = -f. Suppose 4*w - 53 - 1 = -2*j, -5*w + f = 0. Is j composite?
False
Suppose 8 = 5*l - 2. Is (4 + -3)/(l/794) a composite number?
False
Let o(k) = -k + 9. Let t be o(5). Suppose 705 = 3*g - 3*u, -2*g + t*g - 482 = -u. Is g a prime number?
True
Let d(c) = -3*c**3 - 5*c**2 + 5*c + 5. Suppose 0 = 3*i + 5*p - 1, -3*p + 4 = -4*p. Let g = i - 11. Is d(g) prime?
True
Let b = 1384 - -3875. Is b a composite number?
True
Let b = 11 - 11. Suppose r - 2 = -b. Suppose 6*q = r*q + 268. Is q prime?
True
Let r = 8287 - 3778. Is r/9 + (-4 - 0) composite?
True
Let k(r) = -2803*r**3 - r**2 + 1. Is k(-2) a prime number?
False
Let i(q) = -6*q**2 + 2*q + 1. Let o be i(-1). Let r(j) = -60*j + 7. Is r(o) a prime number?
False
Let s = 17 + -11. Let m(f) = 15*f**2 - 5*f + 1. Let y(i) = 14*i**2 - 4*i + 1. Let l(a) = s*y(a) - 5*m(a). Is l(4) composite?
False
Is ((-11784)/(-48))/(3/30) a composite number?
True
Let u(p) = 910*p - 37. Is u(7) a composite number?
True
Is (-4342)/(-4) + (-7)/((-140)/30) prime?
True
Let v(h) = h**2 - 3*h - 2. Let c be v(4). Suppose -2*i = c*k - 0*k + 238, 2*i = -3*k - 239. Let l = -23 - i. Is l a prime number?
False
Suppose -3*r = 3*r - 2490. Suppose -5*d + 1740 = r. Suppose 10*t - 15*t = -d. Is t a composite number?
False
Let f be 1725*(-3 + 14/6). Let j = f - -1949. Is j prime?
False
Let x = -66 - -69. Suppose -3*c - c - r = -6171, -x*r + 1540 = c. Is c prime?
True
Let w(q) = 6*q**2 - 2*q + 1. Let o be w(1). Let j be (2 - (-40)/12) + (-3)/9. Suppose -o*n + j*i = -871 - 689, -5*i - 627 = -2*n. Is n composite?
False
Let f(d) = -1 + 35*d**2 + 13 + 7*d - 33*d**2. Let l be 1/((-2)/(-44)*2). Is f(l) prime?
True
Suppose -2*x + 429 + 245 = 0. Let a = 756 - x. Is a a composite number?
False
Suppose 6*x + 35840 = -4*x. Let o = -2237 - x. Is o a prime number?
False
Let s(j) = -3*j**2 + 19*j - 24. Let h be s(20). Is 3*(-4 - h/12) a prime number?
True
Let l = -20 + 38. Suppose 2*o - 2*r = 16, 2*o = 4*o - 3*r - l. Suppose o*d = 1582 - 244. Is d a composite number?
False
Is (2 + 603/(-27))*-381 prime?
False
Suppose 2*c + 2*c - 20 = 0. Suppose 0 = 3*l + 5*r - 1763, 5*l - c*r - 1723 = 2*l. Is (-3 + l/(-2))*-2 composite?
False
Is 4/58 - (-76393542)/2494 a prime number?
True
Let x be 0 + (1 - (0 + -2)). Suppose 5*r + 4*z - 955 = 0, x*z + z + 382 = 2*r. Is r prime?
True
Let h = -6 - -12. Suppose -3*v + 12 = -5*g, -5*g - h - 10 = -4*v. Suppose 3*d + 5*u = 4*d - 389, 0 = v*d - 4*u - 1556. Is d prime?
True
Let x = -7 - -12. Suppose 2*f - 1781 = -3*u, 4*u + x*f - 3982 = -1605. Is u composite?
False
Let l = -269 - -602. Let b = l - -385. Is b a composite number?
True
Suppose -132 = -y + 5*y. Let x = y - -99. Let r = x - 11. Is r prime?
False
Let d = 89 - -19. Suppose -u = u - d. Is u - (4 - (2 - -1)) a prime number?
True
Is (-2)/((24/52604)/(-3)) a composite number?
False
Suppose -3*n + 2*w = -2*n - 2651, 5*n - 4*w - 13261 = 0. Is n a prime number?
False
Let b = -47976 - -84565. Is b prime?
False
Let x(a) = 77*a**2 + 11*a - 46. Let o be x(8). Suppose m = 3495 + o. Is m prime?
False
Suppose -d - 3820 = -12030. Suppose -r = -3*r + d. Is r prime?
False
Let h be 10/4*2/5. Suppose -4*p - h = 11. Is 957*(40/12 + p) prime?
False
Let z be (22 + -4 + 0)/(-2). Is 10/(-45) + (-4889)/z + -2 a prime number?
True
Let m = 48 + -33. Is (1 - m/12*-6)*46 a prime number?
False
Let u(c) = c**2 + 13*c + 4. Let d be u(-14). Suppose 72 = 9*g - d. Is g composite?
True
Suppose -h - 22 = 5*t - 5*h, 3*t + 2*h = 0. Is (3 - (-77 + t))*6/4 composite?
True
Let a be 3/4 + 3/(-4) - 0. Suppose a = -7*b - 104 + 2449. Is b a composite number?
True
Let w = -2062 + 6063. Is w prime?
True
Suppose 6*d = 11*d - 55. Let s be (-9 - -1)/((-22)/d). Suppose 5*y - 325 = 5*k, s*y + 2*k = -2*k + 292. Is y composite?
True
Let z(h) = 224*h + 12. Let b(v) = -225*v - 14. Let l(f) = -5*b(f) - 6*z(f). Is l(-9) a composite number?
True
Suppose 0 = -c - z, -4*c - z + 27 = -6*z. Suppose 0 = 8*v - c*v - 2255. Is v composite?
True
Is (0 + -1 + -1030)/(88/(-7304)) a composite number?
True
Let g = -361 - -507. Let d = 214 + -305. Let q = g + d. Is q a composite number?
True
Let y(c) = 7*c - 3. Let r(m) = m**3 + 4*m**2 - 2*m - 3. Let u be r(-4). Let s(q) = 14*q - 5. Let j(w) = u*y(w) - 3*s(w). Is j(-5) a composite number?
True
Let y(k) = 47*k**2 + 21*k - 109. Is y(5) prime?
True
Suppose 16 = 27*s - 23*s. Is 0 + (-12)/s + 710 a composite number?
True
Let r(w) = -12*w**3 + w + 1. Let h be r(-1). Suppose 4*u = h, 2*u = -2*f + 6*u + 7426. Is f a composite number?
False
Let d(r) = -11*r**3 - 5*r**2 + 3*r + 1. Let l be d(-4). Let m = 1004 - l. Is m a prime number?
False
Let a(f) = 483*f**2 + 4*f. Is a(-5) prime?
False
Let z = 1160 + -823. Is z/3 - 8/(-12) a prime number?
True
Let q = 2649 - -2560. Is q a composite number?
False
Suppose 0 = -6*z + 3*z + 15. Suppose -2*r = -5*r - z*f + 1740, -2*r + 1160 = 4*f. Suppose 3*t = -t + r. Is t composite?
True
Let y = 11963 + -1926. Is y a composite number?
False
Is 1 + 8 - -4599 - (2 + -3) a composite number?
True
Suppose 45695 = 2*c - 5*t, 6*c + 22845 = 7*c - 2*t. Is c a prime number?
False
Let q(j) = -1190*j**3 + j**2 - j - 3. Let s(p) = -1191*p**3 + 2*p**2 - 2*p - 4. Let w(u) = -4*q(u) + 3*s(u). Is w(1) a composite number?
False
Suppose 366*b + 13926 = 372*b. Is b a composite number?
True
Suppose -4*n = -8 - 4. Suppose 4*d = -0*d - n*b - 6550, 2*b - 1643 = d. Is d/(-8) + (-4)/(-32) composite?
True
Let w(g) = 144*g**2 - g - 2. Let c be w(2). Let a = -290 + c. Is ((-2)/(-6))/(2/a) prime?
True
Let q(l) = -2*l**3 - 15*l**2 - 23*l + 17. Is q(-18) a prime number?
False
Suppose 0 = 4*v + 4*p - 6417 + 185, -3116 = -2*v - 5*p. Suppose -6*n + 8*n - v = 0. Is n a composite number?
True
Let w(h) = 3*h + 10. Let f be w(-8). Suppose 3*g = -m + 158, 4*g - 2*m + 89 = 303. Let i = g - f. Is i a prime number?
True
Is (-3*2/6)/((-3)/64761) a prime number?
True
Let l = 28383 - 7266. Is l a prime number?
False
Suppose 8*a - 32 = 24. Suppose 2*n + w - 2524 = 0, a*n = 5*n - 5*w + 2516. Is n prime?
False
Let a be 317/3*7/(35/30). Let o = 1551 - a. Is o a c